e
Does 16 divide 265680?
True
Is 57 a factor of 711189?
True
Does 5 divide 1330225?
True
Is 25 a factor of 8777075?
True
Is 49 a factor of 2009856?
False
Is 394971 a multiple of 137?
True
Is 278000 a multiple of 200?
True
Is 111677 a multiple of 115?
False
Is 12 a factor of 12953?
False
Is 501 a factor of 3464415?
True
Is 6 a factor of 177605?
False
Is 18 a factor of 321750?
True
Is 22 a factor of 1015257?
False
Is 42 a factor of 451231?
False
Is 21 a factor of 10070466?
True
Is 63 a factor of 283790?
False
Does 632 divide 3597976?
True
Is 110 a factor of 81620?
True
Does 3 divide 208183?
False
Is 13 a factor of 13165?
False
Is 58610 a multiple of 128?
False
Is 890851 a multiple of 11?
False
Is 61 a factor of 490013?
True
Is 33 a factor of 55441?
False
Does 252 divide 1367604?
True
Is 85 a factor of 1352684?
False
Is 168905 a multiple of 415?
True
Is 2254000 a multiple of 45?
False
Does 26 divide 100505?
False
Is 212 a factor of 486862?
False
Is 2211196 a multiple of 302?
False
Does 901 divide 8042326?
True
Is 60579 a multiple of 127?
True
Is 394 a factor of 231672?
True
Is 3734658 a multiple of 325?
False
Is 227 a factor of 7165273?
False
Is 46 a factor of 40572?
True
Is 11172 a multiple of 16?
False
Does 22 divide 1050185?
False
Is 243516 a multiple of 17?
False
Does 186 divide 2828874?
True
Is 8799375 a multiple of 741?
True
Does 11 divide 2391713?
False
Is 2216520 a multiple of 20?
True
Does 446 divide 3620182?
True
Is 7 a factor of 60109?
True
Is 43 a factor of 8729?
True
Is 145 a factor of 1843570?
False
Does 15 divide 111825?
True
Is 15 a factor of 2054985?
True
Is 211512 a multiple of 24?
True
Is 44 a factor of 144760?
True
Is 100406 a multiple of 9?
False
Is 19 a factor of 550126?
True
Is 83099 a multiple of 52?
False
Is 15 a factor of 53486?
False
Is 50 a factor of 259530?
False
Does 22 divide 6929?
False
Is 1415963 a multiple of 110?
False
Is 7959 even?
False
Is 997 a factor of 519869?
False
Does 23 divide 568103?
False
Does 80 divide 969239?
False
Is 35 a factor of 9890886?
False
Is 42 a factor of 547470?
True
Does 77 divide 49567?
False
Does 65 divide 19435?
True
Is 122135 a multiple of 13?
True
Is 1350306 a multiple of 24?
False
Does 679 divide 633303?
False
Is 7629836 a multiple of 247?
False
Is 201616 a multiple of 4?
True
Is 8 a factor of 1295720?
True
Is 16 a factor of 12330133?
False
Is 86 a factor of 2789392?
False
Is 9 a factor of 15561?
True
Is 120 a factor of 84500?
False
Is 72 a factor of 1129146?
False
Does 138 divide 549968?
False
Is 107 a factor of 822509?
True
Is 213 a factor of 6706518?
True
Does 67 divide 3810022?
True
Does 36 divide 4754664?
True
Is 3768825 a multiple of 15?
True
Does 23 divide 47920?
False
Does 2 divide 529107?
False
Does 94 divide 450636?
True
Is 30960 a multiple of 43?
True
Is 5 a factor of 614709?
False
Does 15 divide 528481?
False
Is 119 a factor of 36535?
False
Is 4047000 a multiple of 150?
True
Does 15 divide 5895135?
True
Is 102606 a multiple of 2?
True
Is 2 a factor of 46405?
False
Does 7 divide 3901093?
True
Is 136782 a multiple of 51?
True
Does 1027 divide 13000546?
False
Is 367487 a multiple of 6?
False
Is 14 a factor of 1480850?
True
Does 29 divide 37606497?
False
Does 14 divide 1185436?
True
Is 86 a factor of 235812?
True
Is 31 a factor of 202926?
True
Is 10 a factor of 612420?
True
Does 43 divide 1323263?
False
Is 3190704 a multiple of 33?
True
Is 149 a factor of 909937?
False
Is 6 a factor of 5327827?
False
Does 158 divide 221838?
False
Does 12 divide 295897?
False
Is 2181658 a multiple of 149?
True
Is 46 a factor of 7098214?
True
Is 3 a factor of 309787?
False
Does 52 divide 29068?
True
Is 1100 a factor of 3202100?
True
Is 409518 a multiple of 250?
False
Is 2478450 a multiple of 775?
True
Is 3366198 a multiple of 66?
True
Is 177618 a multiple of 32?
False
Is 154100 a multiple of 23?
True
Is 14 a factor of 36694939?
False
Does 8 divide 425227?
False
Is 3 a factor of 23022?
True
Does 39 divide 796692?
True
Does 59 divide 305685?
False
Is 181692 a multiple of 42?
True
Does 633 divide 67098?
True
Is 233760 a multiple of 2?
True
Is 236 a factor of 659616?
False
Is 177248 a multiple of 191?
True
Is 694190 a multiple of 254?
False
Is 31 a factor of 939517?
True
Is 99323 a multiple of 279?
False
Is 50 a factor of 730900?
True
Is 5318775 a multiple of 77?
True
Is 353 a factor of 1842307?
True
Is 1331 a factor of 15098353?
False
Is 238 a factor of 6538336?
True
Is 3327139 a multiple of 173?
False
Does 11 divide 3506455?
False
Does 97 divide 1368961?
True
Is 1197 a factor of 7907382?
True
Is 5 a factor of 1847770?
True
Does 49 divide 1596273?
True
Does 13 divide 1365442?
True
Does 62 divide 3652110?
True
Does 6 divide 31786?
False
Does 114 divide 562704?
True
Is 7 a factor of 57826?
False
Does 205 divide 440955?
True
Does 570 divide 4048140?
True
Does 19 divide 11903958?
False
Is 90996 a multiple of 14?
False
Is 767 a factor of 7958392?
True
Is 133765 a multiple of 4?
False
Is 99 a factor of 721116?
True
Is 205 a factor of 11986965?
True
Is 46 a factor of 63387?
False
Is 1169 a factor of 4470256?
True
Is 325 a factor of 3194425?
True
Is 73 a factor of 99255?
False
Does 527 divide 9729253?
False
Is 2064176 a multiple of 649?
False
Is 4236903 a multiple of 12?
False
Does 54 divide 373563?
False
Is 529 a factor of 4679534?
True
Is 4707516 a multiple of 66?
True
Does 11 divide 90508?
True
Does 43 divide 4251969?
True
Is 102816 a multiple of 9?
True
Is 531 a factor of 156583?
False
Does 240 divide 377620?
False
Is 56588 a multiple of 25?
False
Is 83098 a multiple of 10?
False
Does 1220 divide 5392602?
False
Is 714 a factor of 4528523?
False
Does 161 divide 289965?
False
Is 20305 a multiple of 31?
True
Does 31 divide 220038?
True
Does 9 divide 779764?
False
Does 9 divide 319527?
True
Does 177 divide 502215?
False
Is 74592 a multiple of 56?
True
Does 139 divide 103972?
True
Is 4 a factor of 17105?
False
Does 1352 divide 4019496?
True
Does 46 divide 2272308?
True
Is 3 a factor of 174620?
False
Is 3110512 a multiple of 61?
True
Is 3073706 a multiple of 5?
False
Is 1362 a factor of 3136862?
False
Does 136 divide 166169?
False
Does 45 divide 1897261?
False
Is 2177542 a multiple of 73?
False
Does 92 divide 2007992?
True
Does 87 divide 45354?
False
Is 333 a factor of 563769?
True
Does 483 divide 12595776?
False
Is 1057956 a multiple of 12?
True
Does 9 divide 389700?
True
Is 13 a factor of 3365622?
True
Does 157 divide 30073?
False
Is 223 a factor of 99773?
False
Is 114 a factor of 93722?
False
Does 8 divide 35552?
True
Is 1190 a factor of 2695350?
True
Is 757250 a multiple of 113?
False
Is 486160 a multiple of 10?
True
Does 12 divide 7142376?
True
Is 5950980 a multiple of 9?
True
Does 32 divide 10859?
False
Does 355 divide 3026375?
True
Is 2409792 a multiple of 14?
True
Does 108 divide 150687?
False
Is 772280 a multiple of 819?
False
Does 4 divide 1709176?
True
Is 3157364 a multiple of 196?
True
Does 8 divide 603198?
False
Does 1095 divide 743833?
False
Is 96926 a multiple of 14?
False
Does 12 divide 12357448?
False
Is 816 a factor of 738007?
False
Is 494 a factor of 3986218?
False
Does 191 divide 884232?
False
Is 182 a factor of 9543716?
True
Is 9 a factor of 3196854?
True
Is 1103 a factor of 5298812?
True
Is 958 a factor of 28319438?
True
Is 82 a factor of 832707?
False
Is 37 a factor of 820263?
False
Is 7855915 a multiple of 52?
False
Does 171 divide 810369?
True
Does 50 divide 653141?
False
Does 1847 divide 15397380?
False
Is 468660 a multiple of 110?
False
Does 3 divide 15446?
False
Is 107065 a multiple of 95?
True
Does 97 divide 126973?
True
Does 10 divide 877072?
False
Is 112 a factor of 693?
False
Is 234 a factor of 1646658?
True
Is 265870 a multiple of 55?
True
Is 42 a factor of 209916?
True
Does 51 divide 15490995?
True
Does 79 divide 6101407?
True
Is 100049 a multiple of 25?
False
Does 6 divide 1616449?
False
Is 122 a factor of 108233?
False
Is 91 a factor of 22204?
True
Is 256 a factor of 8612864?
True
Is 1047516 a multiple of 10?
False
Is 33251 a multiple of 192?
False
Is 18 a factor of 8406?
True
Is 2 a factor of 207184?
True
Is 2536100 a multiple of 350?
True
Does 634 divide 24386810?
True
Is 336149 a multiple of 22?
False
Is 9369936 a multiple of 186?
True
Is 58633 even?
False
Is 99